e remainder when p is divided by 4.
3
Suppose -24 = 5*g - 69. Suppose 0 = -3*x + w + 16 - 1, 3*w = 2*x - 17. Let h(s) = 6*s. What is the remainder when h(x) is divided by g?
6
Suppose 37*k = 33*k + 72. Suppose -3*q = 2*b - 18, -q + 35 = 4*q + 5*b. What is the remainder when k is divided by q?
2
Let p be 341/66 - 1/6. Suppose -z + 3*u - 135 = -p*z, -4*u = -2*z + 62. Calculate the remainder when z is divided by 18.
15
Suppose 5*f - 3*f = -5*t + 67, -4*f - 31 = -t. Suppose 3*y - 4*d - 144 = 0, -2*y + d = 2*d - 85. What is the remainder when y is divided by t?
14
Suppose -4*w + 28 = -3*h - 29, 5*w - 2*h = 66. Let a be ((-58)/5 - 2)*5. What is the remainder when 3*(0 + a/(-6)) is divided by w?
10
Let y(o) = 26*o - 13. Calculate the remainder when y(3) is divided by 22.
21
Let c(t) = t**3 + 8*t**2 + 5*t - 9. Let k be c(-7). Let x = 7 - 2. Suppose -q = q, -k*q - 65 = -x*u. Calculate the remainder when 38 is divided by u.
12
Suppose 2*w = -w - 2*j, 0 = 4*w - 3*j - 17. Suppose 23 = w*t + 9. What is the remainder when 25 is divided by t?
4
Let h = 7 + -8. Calculate the remainder when (-32)/(-10)*10/2 is divided by h/5 - 92/(-10).
7
Let y(k) = k**2 + 2*k - 6. Let t be y(5). Let j = t - 20. Let q = 38 - 22. Calculate the remainder when q is divided by j.
7
Suppose -4*j = -2*q + 156, 2*q + 227 = 5*q + j. Calculate the remainder when q is divided by 39.
37
Let n(g) = 4*g**2 - 3*g - 2. Suppose -2*q - 2*q - 8 = 0. Calculate the remainder when 59 is divided by n(q).
19
Suppose -a + u = a - 7, a = -2*u - 4. Suppose -10 = -3*l - t, 0*t = -l - a*t. What is the remainder when -2 + (12/2 - -2) is divided by l?
2
Suppose 2*h - 15 = -47. Let b = -7 - -11. What is the remainder when b is divided by 18/(-4)*h/24?
1
Let c(p) = -25*p + 130. Let n(g) = 10*g**2 - g. Calculate the remainder when n(1) is divided by c(5).
4
Suppose 51 + 63 = 2*n. What is the remainder when n is divided by (-2 + 12)*(-3)/(-2)?
12
Let x = 450 + -310. What is the remainder when x is divided by 48?
44
Let o(k) = k - 5. What is the remainder when o(13) is divided by 3?
2
Suppose 5*z - 10 = -0. Calculate the remainder when 2 is divided by z.
0
Let f = -112 + 167. What is the remainder when f is divided by 14?
13
Suppose -2*k - 3*k = 0. Suppose 3*b = -k*b + 2*p + 71, p = 2. What is the remainder when b is divided by 13?
12
Suppose -2*o = 2*a - 54, -5*o - 5*a + 2*a + 125 = 0. Suppose 3*x + r - 206 = -2*x, 0 = 4*x + 2*r - 160. What is the remainder when x is divided by o?
20
Let t = -36 + 51. What is the remainder when 56 is divided by t?
11
Suppose 68 = 7*p - 3*p. Suppose -f = -2*d + p, -4*d - f + 54 = f. Calculate the remainder when (-1)/4 - 1053/(-52) is divided by d.
9
What is the remainder when -1*4 + (38 - 5) is divided by 8?
5
Suppose 14*y - 57 - 111 = 0. What is the remainder when 167 is divided by y?
11
Suppose 0 = -3*q + 10 + 26. Suppose 0 = 2*m + m - q. Let r = 1 - -6. Calculate the remainder when r is divided by m.
3
Suppose -4*g + 0*g + c + 87 = 0, -4*g - 5*c + 117 = 0. What is the remainder when g is divided by (-1)/(-3) + 114/9?
10
Suppose -i + 3 = 0, 26 = 2*w - 2*i - 2*i. Let q(y) = y**2 + y - 20. Calculate the remainder when w is divided by q(5).
9
Let c be (2/(-1) - -2)/2. Let a = 38 - 27. Suppose -p = -c*p - a. What is the remainder when p is divided by 6?
5
Let d = 1 - -4. What is the remainder when d is divided by 4?
1
Let u be (-2)/(-11) - 291/(-33). Suppose r - 2*r - 3*m + 13 = 0, -2*r + 34 = -2*m. Let p = r - u. Calculate the remainder when 13 is divided by p.
6
Let k(v) = -6*v - 3. What is the remainder when k(-7) is divided by 14?
11
Let c = -15 + 27. Suppose -3*j = 2*s - 73, 4*j = -4*s + 124 + c. Calculate the remainder when s is divided by 10.
9
Let b = 51 + -36. Suppose -b + 48 = a. Suppose -4*j - j + 85 = 0. Calculate the remainder when a is divided by j.
16
Calculate the remainder when (-106 + -3)*(1 - 2) is divided by 28.
25
Suppose -3*f + f = -18. Let y = 0 + f. What is the remainder when y is divided by 6?
3
Suppose a = 4*a - 48. Suppose 0 = -5*l + 25, 2*l - 5*l + 27 = 2*g. What is the remainder when a is divided by g?
4
Let q = -11 + 7. Calculate the remainder when 17 is divided by ((-27)/12 + 0)*q.
8
Suppose -79 = -2*i - a, i - a = 2*i - 41. Calculate the remainder when i is divided by 13.
12
Suppose 4*d - 12 = -2*x, -5*d = -5*x - 7 - 8. Suppose 2*i - 5 = 3*i, -2*i = d*s - 29. Calculate the remainder when 37 is divided by s.
11
Let f = -22 + 16. What is the remainder when 13 is divided by 5*-2*3/f?
3
Let u = 62 + -37. Suppose 0 = -4*m + 126 + 166. What is the remainder when m is divided by u?
23
What is the remainder when ((-3)/12 - 0) + (-249)/(-4) is divided by 8?
6
Calculate the remainder when 79 is divided by (2/3)/1*60.
39
What is the remainder when (-8 + 5 + 26*1)*1 is divided by 8?
7
Let o(m) = m**3 + 6*m**2 + 1. Let a be o(-6). What is the remainder when 30 is divided by (-1 - -5)*(a + 3)?
14
Let t = -12 + 16. Suppose -t = -o - 0, -18 = h - 5*o. Calculate the remainder when 4 is divided by h.
0
Suppose 0 = 2*m + 3*m - 360. Suppose -2*n = 2*n - 20. Suppose m + 8 = n*i. What is the remainder when 31 is divided by i?
15
Suppose -5*j - 5 = 0, 14 = -3*u - 0*j + 4*j. Calculate the remainder when u/9*(-66 + 0) is divided by 15.
14
Let q = -56 - -72. What is the remainder when 30 is divided by q?
14
Suppose -3*j = -m + 6*m - 29, -m + j = -9. What is the remainder when 18 is divided by m?
4
Suppose -6*c = -4*c - 28. Calculate the remainder when 34 is divided by c.
6
Let g be 10/(-15) + 152/(-6). Let z = -10 - g. What is the remainder when z is divided by 3*4/((-4)/(-3))?
7
Let w be (9/(-6))/(3/8). What is the remainder when 28 is divided by (3 - 15)/(-1) + w?
4
Let s be ((-106)/(-3))/((-6)/(-9)). Let l = -34 + s. Let q(n) = 8*n**2 + n + 2. Calculate the remainder when q(2) is divided by l.
17
Suppose 7*h = 8*h - 5. Suppose 5 = k + h*s + 1, -2*s - 2 = 0. Calculate the remainder when 15 is divided by k.
6
Suppose 2*o - 78 = -o. Suppose 3*j - 19 = -3*s + 26, 2*s - o = -j. What is the remainder when 42 is divided by s?
9
Suppose 3*r + c - 27 = -c, -c = 0. What is the remainder when 17 is divided by r?
8
Suppose 2*o = -0*o. Suppose 4*b + o*b = 328. Calculate the remainder when b is divided by 28.
26
Suppose 0*k = -4*k. Suppose -2*p - p + 9 = k. Calculate the remainder when (1/2)/(1/14) is divided by p.
1
Let x(w) = w**3 + 2*w + 1. Calculate the remainder when (0 - 1) + (-296)/(-8) is divided by x(2).
10
Let y = -68 - -103. Suppose 0 = -0*m - 3*m + 36. What is the remainder when y is divided by m?
11
Let o(i) = 2*i**3 - 11*i**2 + 9*i - 2. Calculate the remainder when o(6) is divided by 30.
28
Let f = -2 - -15. Suppose -2*g - 48 = -5*g. Let m = g + -11. What is the remainder when f is divided by m?
3
Let t be (-1047)/(-12) + (-3)/(-4). Suppose 0*u - t = -2*u. Suppose -5*b = 3*d - 50, -2*b = -3*d + 5*d - 32. Calculate the remainder when u is divided by d.
14
Suppose 0 = -j + 3*j - 6. What is the remainder when j is divided by 3?
0
Suppose 128 = 4*v - 0*n + 5*n, -5*v + 5*n + 205 = 0. Calculate the remainder when v is divided by 10.
7
Let j = 87 - -2. Calculate the remainder when j is divided by 23.
20
Calculate the remainder when ((-2)/(-3))/2 + 32/3 is divided by 6.
5
Calculate the remainder when 7 is divided by (-4)/((-20)/3) - 220/(-50).
2
Let g be 3 + 1*(1 + -4). Suppose 3*z = -q + 40, 5*z + 2*q = -g*q + 66. What is the remainder when z is divided by 5?
4
Let a be 2/(-9) - 14/18. Suppose 4*d + 2 = 3*q, -d + 14 = q + d. Calculate the remainder when (a - -2)/(3/51) is divided by q.
5
Suppose 56 = -8*r + 10*r. What is the remainder when 79 is divided by r?
23
Suppose 3*b - 6 = -3. What is the remainder when 3 is divided by b?
0
Let d(b) = -3*b - 8. Suppose 5*a - 3*q - 227 = 0, 3*a - 4*q - 134 = -0*a. Calculate the remainder when a is divided by d(-8).
14
Let q be (-58)/(-7) + (-12)/42. Calculate the remainder when (0 - q)*4/(-8) is divided by 3.
1
Let x(d) = d**3 - 6*d**2 + 2*d - 4. Suppose 36 = 5*l - 109. What is the remainder when l is divided by x(6)?
5
Suppose -6*b + 46 = -260. What is the remainder when b is divided by 11?
7
Suppose 2*p + 36 - 124 = 0. Let j = p + -27. What is the remainder when 49 is divided by j?
15
Suppose 3*c = -3*h + 255, -3 = 5*c + 7. Calcula